are the prime factors of (-40)/3*(243600/(-64))/35?
2, 5, 29
Let w be ((-10)/(-15))/(-1*1/3). Let c(a) = -102*a - 7. What are the prime factors of c(w)?
197
Let p(n) = -1. Let v(f) = -f - 4. Let l(u) = -3*p(u) + v(u). Let x be l(-6). List the prime factors of 69 - (0 + -2 + x).
2, 3, 11
Let t(k) = k**3 - 2*k**2 - 8*k + 3. Let i be t(4). Let m be 0*4/(i + -7). Suppose -2*b = 5*q - m - 63, -b = -q - 28. List the prime factors of b.
29
Suppose 4628 = 4*u - 4*w, 2*u + 0*u + 2*w - 2326 = 0. List the prime factors of u.
2, 5, 29
Let p = -87 - -323. List the prime factors of p.
2, 59
Let i = 119 - 68. List the prime factors of i.
3, 17
Suppose 3*x = -173 - 256. Let m = 218 + x. List the prime factors of m.
3, 5
Let w be ((-2)/(-4))/((-7)/(-28)). Suppose -3*j - 4*n + 433 = 0, w*n = 2*j - n - 283. What are the prime factors of j?
11, 13
Let c(b) = b + 7. Let o be c(-5). Suppose 0 = 3*q + o*q - 25, 2*p = 5*q - 9923. List the prime factors of 2/(-15) - p/105.
47
List the prime factors of (-66)/(-44)*2212/6.
7, 79
Let w(u) = -3*u - 4. Let k(j) = -2*j - 2. Let f(v) = 5*k(v) - 3*w(v). Let c be f(-8). Suppose 2*i = c + 54. List the prime factors of i.
2
Let x be (-2036)/(-16) + (-2 + 6)/(-16). What are the prime factors of x/3*(-1)/2*-6?
127
Let f(m) = 2*m**2 - 2*m - 24. Let a(x) = -x**2 - 8*x - 8. Let q be a(-5). What are the prime factors of f(q)?
2, 3, 5
Let b = 6 + 13. Suppose -3*y + b = 4. Suppose 4*l - 2*a = -a + 45, -y*a = -4*l + 65. List the prime factors of l.
2, 5
Let c(l) = -61*l + 325. List the prime factors of c(-12).
7, 151
Let q be 0 + 2 + -241 + 1. Let l = q - -338. Suppose 25 = 5*r - l. What are the prime factors of r?
5
Let f be 28 - (2 + 1 - 5). Let n be (10/(-3))/((-20)/f). Suppose -5*c + n = 3*d - 5*d, -4*d + 35 = 5*c. What are the prime factors of c?
3
Let t be (-6)/5*15/(-6). Suppose 3*p + 2*m = 4*p - 89, -276 = -3*p + t*m. What are the prime factors of p?
5, 19
Suppose h - 134 = m, 0 = -5*h + 4*m - 7*m + 678. Suppose -4*u = 3*w - 485, -3*w = 3*u - 624 + h. What are the prime factors of w?
167
Suppose 39 + 15 = -6*x. Let m(c) = -14*c - 7. List the prime factors of m(x).
7, 17
Let n(z) = -z**3 + z**2 - 3*z + 1625. Let g be n(0). List the prime factors of (5 - g/(-15)) + (-2)/(-3).
2, 3, 19
Suppose i + 65 = -4*i. Let v = i - -15. Suppose 4*p - 3*p = v. What are the prime factors of p?
2
Let k = 5 + 0. Let g = k + 1. Let t = -1 + g. List the prime factors of t.
5
Suppose -140 - 2976 = -2*j - 2*g, g - 5 = 0. What are the prime factors of j?
1553
Let l(h) = -22*h - 1 + 6 - h**2 - 18. List the prime factors of l(-17).
2, 3
Let z(r) = r**3 - 9*r**2 + 11*r + 3. Let f(i) be the second derivative of i**4/12 - 2*i**3/3 - 2*i**2 - 5*i. Let m be f(6). What are the prime factors of z(m)?
3
Let u be (-7)/((-35)/(-10)) - (1 - 3). Suppose 3*s - 93 = 2*i, 2*s - 5*i + 2*i - 67 = u. What are the prime factors of s?
29
Suppose -q - 2 = 0, 3*q + 51 = 5*j - 0*q. List the prime factors of -2 + j + (-28)/(-7).
11
Let u = 5024 - 3341. What are the prime factors of u?
3, 11, 17
Suppose 5*y - 116 = -i, -4*y - 3*i = y - 118. List the prime factors of y.
23
Let s = 56 - 51. What are the prime factors of -1 - (-133 + s)*(2 - 0)?
3, 5, 17
Suppose 0 = -10*s + 8*s - 242. Let q = s + 236. What are the prime factors of q?
5, 23
Suppose -4*l + 19 = 3. Suppose -5*d = -3*u - 639, l*d - 129 = -2*u + 369. List the prime factors of d.
2, 3, 7
Let p = 4216 - 2519. What are the prime factors of p?
1697
Let d = -744 + 308. Let a = 610 + d. Suppose -4*o - 2*y + 214 = 0, -2*y - a = -3*o + y. List the prime factors of o.
5, 11
Suppose -r + 5*q + 194 = 0, 2*r - 2*q + 842 = 6*r. Let o = -122 + r. List the prime factors of o.
3, 29
Let a(i) = 2*i**3 - 6*i**2 + 13*i - 41. List the prime factors of a(5).
2, 31
Let n = -516 - -811. What are the prime factors of n?
5, 59
Suppose -n - 3*n + 840 = 0. Suppose 3*k - n = -27. List the prime factors of k.
61
Let i(g) = -3*g**2 - 3 - 4 + 3*g - g**2 - g**3. Let f be i(-5). Suppose 0*m = -f*h + 5*m + 41, 5*m + 6 = -2*h. List the prime factors of h.
7
Suppose 0 = -3*w - 77 + 473. Suppose 0 = -4*l + 5*y + 176, 0 = 3*l + 2*y - 4*y - w. List the prime factors of l.
2, 11
Suppose 482 = 5*n - 763. Suppose 4*v + 5*h - n = 0, 2*v - 255 = -3*v + 5*h. What are the prime factors of v?
2, 7
Let u(h) = h + 10. Suppose -15 = 4*q - 2*d + 7, 5*q = 4*d - 20. Let z be u(q). Suppose z = 2*m - 30. List the prime factors of m.
2
Let y be 0 - 0/((-3)/3). Suppose 0 = -3*j - y*j - 3*c + 153, 5*j - 259 = -c. List the prime factors of j.
2, 13
Let z(u) = 3*u**3 - 106*u**2 + 207*u**2 - 102*u**2 - 6*u. Suppose 0 = 3*h - 0 - 9. List the prime factors of z(h).
2, 3
Let d = 824 + 1876. What are the prime factors of d?
2, 3, 5
Let l(w) = w**2 - 3*w - 4. Let j be l(4). Suppose 2*r - 64 = -j*r. Suppose -3*o + 2*o = -r. List the prime factors of o.
2
Suppose 25 = 13*h - 8*h. What are the prime factors of (435 - 3/3)*h/10?
7, 31
Let u(t) = t**3 - 10*t**2 - 2*t - 10. Let p be (1/(-4) - (-13)/4) + 8. What are the prime factors of u(p)?
89
Let d = -14 + -4. Suppose -5*m + 88 = -37. Let c = d + m. List the prime factors of c.
7
Let v(j) = -2*j + 3. Let p = 2 + -7. Let b be v(p). Suppose -b = -x - 0*x. List the prime factors of x.
13
Suppose -2*g + 1045 = -8943. List the prime factors of g.
2, 11, 227
Suppose -5*h - t - 245 = 0, -6*t + 124 = -3*h - 2*t. Suppose 3*k + 6*p - 3*p + 96 = 0, -2*k - 5*p = 67. Let q = k - h. What are the prime factors of q?
17
Let a(j) = -15*j**2 + 17*j - 2. Let r(s) = 8*s**2 - 9*s + 1. Let x(u) = -3*a(u) - 5*r(u). What are the prime factors of x(7)?
2, 3, 17
Suppose 18*v - 18644 = -6134. List the prime factors of v.
5, 139
Let x(z) = -z - 11. Let l be x(-13). Suppose 195 = l*y - 111. List the prime factors of y.
3, 17
Let j be 1/(196/64 + -3). Suppose -4*l + 0 = -j. What are the prime factors of l/(-8) + 66/4?
2
Let a(z) be the third derivative of z**4/12 + 14*z**3 + 9*z**2. What are the prime factors of a(0)?
2, 3, 7
Let d(w) = -15*w + 199. What are the prime factors of d(-39)?
2, 7
What are the prime factors of (19/((-380)/(-64)))/(3/1110)?
2, 37
Suppose 20 = -5*q - 5*k, -q + k = -2*k - 16. Let x(a) = 5*a**3 - 13*a**3 - 2*a - q - 11*a**3. List the prime factors of x(-1).
2, 5
Let s(b) = 7*b - 9. Let a be s(-3). Let x be a*(-5 - (-2 - 2)). Let f = x - -18. What are the prime factors of f?
2, 3
Let g(s) = s**2 + 9*s + 2. Let c be g(-8). Let x(w) = w**2 - 3*w - 11. List the prime factors of x(c).
43
Let v be (-1)/((0 + -3)/9). Suppose l + 140 = v*l. What are the prime factors of l?
2, 5, 7
Let m = 277 - -643. What are the prime factors of m?
2, 5, 23
Let c = 693 + 476. What are the prime factors of c?
7, 167
Suppose 4*g - 3*c = 6055, 4*c = 5*g - 973 - 6597. What are the prime factors of g?
2, 5, 151
Suppose 7*y + 455 = 2*q + 4*y, 0 = -3*q - 4*y + 640. Suppose -11*c + q = -c. List the prime factors of c.
2, 11
Let d(p) = 3*p**3 - p + 1. Suppose 0*x + 2*z - 5 = x, 5*z = -x + 16. Let i be d(x). Let u(k) = k**3 - k**2 - k + 2. What are the prime factors of u(i)?
17
Let m(r) = -r**3 + 13*r**2 - 18*r + 19. Suppose u - 2 = -2*h + 23, -3*h + 5*u = -18. What are the prime factors of m(h)?
3, 7
Suppose -z = 4*i - 2837, 14170 = 5*z - 0*i + 5*i. List the prime factors of z.
2833
Let q be 4 + (4 - 25/5). What are the prime factors of (61/(-2))/(q/(-6))?
61
Suppose 1772 = 3*p + 5*l + 366, -2*p + 5*l = -979. Suppose p = 13*j - 10*j. What are the prime factors of j?
3, 53
Let i = -48 - -18. Let y = -20 - i. What are the prime factors of y?
2, 5
Suppose 14 = 2*r + r + n, 5*n + 6 = 4*r. Let w(l) = 4*l**2 - 3*l + 8. Let u be w(r). Let x = u + -32. What are the prime factors of x?
2, 7
Let a(d) = d**3 - 23*d**2 + 44*d - 38. Let n be a(21). Suppose -n*h + 131 = -3*f, -2*h + f + 60 = 5*f. List the prime factors of h.
2
Suppose -3*n - 12 = -z + 2*n, 0 = -z - 3*n + 52. Suppose 5*f = -4*o - 141, -2 - z = o + 5*f. What are the prime factors of (-2)/6*(o + 4)?
2, 5
Suppose -75*b + 77*b = 912. What are the prime factors of b?
2, 3, 19
Suppose -2*k - z = -10 + 2, -8 = -2*k - 5*z. Suppose -3*v - v + 840 = -k*b, -5*v + 2*b = -1035. What are the prime factors of v?
5, 41
Let j(m) be the third derivative of 0 + 5/24*m**4 + 13/6*m**3 + 12*m**2 + 0*m. What are the prime factors of j(7)?
2, 3